5
Calculate the remainder when 4865492 is divided by 973097.
7
Calculate the remainder when 3777653 is divided by 58.
55
What is the remainder when 1727197 is divided by 4?
1
Calculate the remainder when 1745844 is divided by 72.
60
What is the remainder when 21990 is divided by 1825?
90
Calculate the remainder when 303332169 is divided by 872.
865
What is the remainder when 465569 is divided by 69?
26
What is the remainder when 120904 is divided by 509?
271
What is the remainder when 93101 is divided by 30727?
920
Calculate the remainder when 5538950 is divided by 6014.
56
Calculate the remainder when 2215705 is divided by 158260.
65
What is the remainder when 191594 is divided by 38188?
654
What is the remainder when 65805 is divided by 157?
22
What is the remainder when 4039591 is divided by 225?
166
Calculate the remainder when 51644 is divided by 89.
24
Calculate the remainder when 498311 is divided by 62266.
183
Calculate the remainder when 95902265 is divided by 1216.
1209
Calculate the remainder when 26159 is divided by 4489.
3714
Calculate the remainder when 6974046 is divided by 464936.
6
Calculate the remainder when 373048 is divided by 124206.
430
What is the remainder when 2308599 is divided by 88783?
241
Calculate the remainder when 43708 is divided by 3926.
522
Calculate the remainder when 732805 is divided by 1949.
1930
What is the remainder when 25748943 is divided by 1772?
11
Calculate the remainder when 5530089 is divided by 19610.
69
What is the remainder when 4015464 is divided by 2007718?
28
What is the remainder when 2686110 is divided by 2671?
1755
Calculate the remainder when 95945 is divided by 307.
161
Calculate the remainder when 1197277 is divided by 1561.
1551
What is the remainder when 33934 is divided by 4833?
103
What is the remainder when 13096491 is divided by 430?
411
What is the remainder when 22693 is divided by 20681?
2012
What is the remainder when 941065 is divided by 4060?
3205
What is the remainder when 14026224 is divided by 127511?
14
What is the remainder when 41593397 is divided by 13864463?
8
Calculate the remainder when 1050597757 is divided by 8686.
8685
What is the remainder when 2559708 is divided by 23?
15
Calculate the remainder when 40068248 is divided by 369.
14
What is the remainder when 115880 is divided by 182?
128
What is the remainder when 736225 is divided by 29?
2
Calculate the remainder when 146961084 is divided by 5258.
5242
Calculate the remainder when 253587 is divided by 3682.
3211
What is the remainder when 62967720 is divided by 6139?
6136
What is the remainder when 37782321 is divided by 10755?
6
What is the remainder when 73353266 is divided by 3393?
3392
What is the remainder when 4567588 is divided by 326256?
4
What is the remainder when 6451 is divided by 1132?
791
Calculate the remainder when 989116297 is divided by 50.
47
Calculate the remainder when 253635 is divided by 126683.
269
What is the remainder when 5014242 is divided by 1671395?
57
Calculate the remainder when 322786 is divided by 50.
36
What is the remainder when 11859455 is divided by 224?
223
What is the remainder when 1802912 is divided by 400?
112
What is the remainder when 16056300 is divided by 1385?
1380
Calculate the remainder when 2523665 is divided by 25.
15
What is the remainder when 962738 is divided by 481354?
30
Calculate the remainder when 9711772 is divided by 18.
16
Calculate the remainder when 2607351 is divided by 149.
0
Calculate the remainder when 18515 is divided by 4402.
907
Calculate the remainder when 1059211 is divided by 176346.
1135
What is the remainder when 34703 is divided by 672?
431
Calculate the remainder when 1889522 is divided by 94448.
562
Calculate the remainder when 45574 is divided by 1429.
1275
Calculate the remainder when 301049607 is divided by 31.
20
What is the remainder when 1519455 is divided by 505610?
2625
Calculate the remainder when 1374199 is divided by 687037.
125
Calculate the remainder when 5228916 is divided by 7124.
7024
Calculate the remainder when 458172 is divided by 935.
22
What is the remainder when 100573 is divided by 24531?
2449
Calculate the remainder when 14944417 is divided by 116.
21
Calculate the remainder when 203673 is divided by 78.
15
Calculate the remainder when 149586638 is divided by 70.
68
What is the remainder when 26365822 is divided by 3766537?
63
Calculate the remainder when 26637 is divided by 26637.
0
Calculate the remainder when 491083 is divided by 1589.
82
Calculate the remainder when 2293751 is divided by 152916.
11
Calculate the remainder when 4100330 is divided by 16668.
2
What is the remainder when 4476625 is divided by 1492105?
310
Calculate the remainder when 990635 is divided by 34159.
24
Calculate the remainder when 51997232 is divided by 61.
39
What is the remainder when 3547874 is divided by 3547599?
275
Calculate the remainder when 1282706 is divided by 39.
35
What is the remainder when 1315209891 is divided by 1761?
1758
Calculate the remainder when 968400 is divided by 1552.
1504
Calculate the remainder when 1778523 is divided by 2906.
51
What is the remainder when 49629 is divided by 2111?
1076
Calculate the remainder when 1609538 is divided by 125.
38
Calculate the remainder when 1248241 is divided by 220.
181
Calculate the remainder when 10122 is divided by 6884.
3238
Calculate the remainder when 3362581 is divided by 1681053.
475
What is the remainder when 11740819 is divided by 5870404?
11
What is the remainder when 564468 is divided by 16113?
513
What is the remainder when 5991449 is divided by 599142?
29
Calculate the remainder when 997029 is divided by 142427.
40
What is the remainder when 17196127 is divided by 2214?
2203
Calculate the remainder when 141476810 is divided by 47158936.
2
What is the remainder when 249886 is divided by 10749?
2659
What is the remainder when 210862 is divided by 77?
36
Calculate the remainder when 7214253 is divided by 418.
409
Calculate the remainder when 199196 is divided by 99578.
40
Calculate the remainder when 126230399 is divided by 25.
24
What is the remainder when 3547915 is divided by 2407?
2404
Calculate the remainder when 67307402 is divided by 2221.
2218
Calculate the remainder when 2522657079 is divided by 17.
15
What is the remainder when 7531 is divided by 187?
51
What is the remainder when 1154923 is divided by 21789?
106
Calculate the remainder when 8285900 is divided by 42275.
0
What is the remainder when 3836476 is divided by 71040?
316
Calculate the remainder when 58260 is divided by 3225.
210
Calculate the remainder when 105831 is divided by 153.
108
Calculate the remainder when 265499 is divided by 1274.
507
What is the remainder when 9318 is divided by 953?
741
Calculate the remainder when 908360 is divided by 912.
8
Calculate the remainder when 225515 is divided by 1056.
587
Calculate the remainder when 509265 is divided by 631.
48
Calculate the remainder when 473908 is divided by 7381.
1524
What is the remainder when 9876489 is divided by 3292124?
117
Calculate the remainder when 676867 is divided by 1033.
252
Calculate the remainder when 9318032 is divided by 598.
594
What is the remainder when 11792370 is divided by 8690?
40
What is the remainder when 90156 is divided by 22535?
16
Calculate the remainder when 27841997 is divided by 33.
29
Calculate the remainder when 398032 is divided by 101.
92
What is the remainder when 1156231 is divided by 1212?
1195
What is the remainder when 1851772 is divided by 77?
76
What is the remainder when 5126881 is divided by 1543?
1035
Calculate the remainder when 4206229 is divided by 581.
370
Calculate the remainder when 19031976 is divided by 10.
6
What is the remainder when 42332471 is divided by 426?
425
What is the remainder when 1681697 is divided by 560528?
113
Calculate the remainder when 337361 is divided by 3252.
2405
Calculate the remainder when 37504348 is divided by 551.
533
Calculate the remainder when 14075204 is divided by 1407515.
54
What is the remainder when 5712910 is divided by 178?
0
Calculate the remainder when 4282106 is divided by 389273.
103
What is the remainder when 979731 is divided by 3474?
63
What is the remainder when 36503683 is divided by 107?
98
Calculate the remainder w